= 366 + -364. Suppose 5*w - 62 = i*n, 4*w = -4*n + 63 - 19. What is the remainder when 53 is divided by w?
5
Let x(f) = -12*f + 72. Let r be x(14). Let g = r + 109. What is the remainder when (1 + -8)*(-8 - 3) is divided by g?
12
Suppose 196 = 5*k + 4*v, 0 = 4*k - 0*k + 4*v - 160. Suppose -1917*b - 3*x = -1914*b - 741, 3*x - 493 = -2*b. Calculate the remainder when b is divided by k.
32
Suppose -3*a - 4732 - 2660 = 0. What is the remainder when 133 is divided by 1*(a/(-55) + 1/5)?
43
Suppose -12*r + 3606 = -5358. What is the remainder when r is divided by 19?
6
Suppose -6554 = -1761*z + 1732*z. Suppose -3*k + n + 113 = -k, 5*n + 159 = 3*k. What is the remainder when z is divided by k?
52
Let a = 26 + -18. Suppose -p = -29*p + 6160. Suppose -12*l + p - 52 = 0. Calculate the remainder when l is divided by a.
6
Let j(i) = -3*i + 7. Let n = 10 - 10. Suppose 2*t - 5 = 7*t, n = 5*p + 5*t - 640. What is the remainder when p is divided by j(-5)?
19
Suppose 66 = 3*v - 75. Suppose -2*r = v + 313. Calculate the remainder when 129 is divided by -3*(-8)/r + (-332)/(-15).
19
Let t be (4/22 - (-147)/99)*-249. Let l = -397 - t. What is the remainder when 35 is divided by l?
17
Suppose 97 = 3*i - 4*v, 8*i = 6*i + 3*v + 64. Suppose 41*b - 258 = i*b. What is the remainder when b is divided by 11?
10
Let d = 473 + -473. Suppose 0 = y - 2*s - 46 - 77, 5*s - 25 = d. Calculate the remainder when y is divided by 9.
7
Suppose 0 = x + 17*r - 20*r + 2, -2 = -x + r. Suppose -3*z + 544 = 5*t, x*z + 2*t - 274 = 442. What is the remainder when z is divided by 46?
40
Let a = 57 - 52. Suppose -3*k = 3*g + 1233, -a*k + 595 = -4*g - 1076. What is the remainder when g/(-10) - ((-66)/(-15) - 5) is divided by 9?
6
Let b(a) = 2*a + 2. Let l be b(5). Suppose 0 = 2*m - l + 4. Let y = 510 + -496. What is the remainder when y is divided by m?
2
What is the remainder when 185 is divided by (4 - 5/((-15)/(-384)))*4/(-16)?
30
Suppose q - 61 = -3*n, -7*q - 65 = -3*n - 6*q. Suppose 13*i - n*i + 88 = 0. Calculate the remainder when 12 is divided by i.
1
Suppose 2*z = z + 53. Let s = -355880 + 355896. What is the remainder when z is divided by s?
5
What is the remainder when (217 + -4)*950/150 is divided by 222?
17
Suppose 2*t - 4*o + 509 = -5*o, -2*o - 508 = 2*t. Calculate the remainder when (-8)/((-80)/t)*-6 is divided by 26.
23
Suppose -5*b + 122*v = 126*v - 1065, b - 5*v - 213 = 0. What is the remainder when b is divided by 207?
6
Suppose -20*h + 12965 = -275. What is the remainder when h is divided by 19?
16
Let g(f) = 10*f**2 + 78*f - 21. What is the remainder when 446 is divided by g(-9)?
11
Suppose 0 = -3*p + p + 144. Suppose 3*q + 66 = 3*u, 0*u = -3*u + 5*q + p. Suppose -5*n + u = -91. Calculate the remainder when 86 is divided by n.
20
Let z = -13596 + 13614. Let d = -26 - -11. Let q = d - -40. Calculate the remainder when q is divided by z.
7
Let i(x) = 4*x - 62. Let w be i(17). Calculate the remainder when 115 is divided by 175/6 - 1/w.
28
Suppose -5*q + l = -26, 17 - 1 = 4*q + 4*l. Suppose -5*z + 0*z + 1062 = -r, z + 1062 = -r. Calculate the remainder when 4/10 - r/45 is divided by q.
4
Let a = 28250 - 28129. Calculate the remainder when a is divided by 114.
7
Suppose 301*x = 56*x + 65093 + 2046807. What is the remainder when x is divided by 125?
120
Let l = -3502 - -3522. Calculate the remainder when l is divided by 10.
0
Let u be (-364)/112 + (-2)/(-8) - -3. Suppose 4*f + 2*z - 390 = u, 0 = f - 2*f + 3*z + 80. Calculate the remainder when f is divided by 21.
11
Let d(i) = 20*i**2 - 515*i - 1565. What is the remainder when d(-3) is divided by (30/(-4) - 2)*-2?
8
Suppose 0 = u + 5*l - 1, 3*l - 7 = -5*u + 20. Suppose -i = -21 + u. Calculate the remainder when 12922/28*(-150)/(-975) is divided by i.
11
Let b be 1*(6 - (7 - 2)). What is the remainder when 232 is divided by 62*b - 24/(6 + 2)?
55
Let w = 17 - 9. Let o(x) = -w*x**2 + 10 - 102*x + x**3 + 17*x**2 + 74*x - 33. What is the remainder when o(-11) is divided by 24?
19
Suppose -2*o - 5*o + 28 + 280 = 0. What is the remainder when 351 is divided by o?
43
Let c be (-2)/(-14)*-398 + (-1)/7. Let q = 74 + c. Let s = 38 - q. What is the remainder when 31 is divided by s?
10
Suppose 5299 = 5*a + 4969. Calculate the remainder when 295 is divided by a.
31
Calculate the remainder when 5262/10 + (-436)/(-545) is divided by 44.
43
Suppose -w + x + 459 = w, 3*x = -w + 219. Suppose -4*o + 5*b - 10*b + w = 0, -171 = -3*o + 4*b. What is the remainder when 112 is divided by o?
55
Suppose -4*y = 25 - 105. What is the remainder when (9/(-5))/(42/(-700)) is divided by y?
10
Calculate the remainder when 2474 is divided by 0 + 6/(-48) + (-70737)/(-456).
149
Suppose 5*z - 80 + 20 = 0. What is the remainder when 335 is divided by (z - 15)/((-2)/14)?
20
Suppose 3*s - 379 = -x + 755, 1890 = 5*s - 4*x. Let f = s - 372. What is the remainder when 65 is divided by f?
5
Let v(t) = 14286*t**2 + 8*t + 3. What is the remainder when v(1) is divided by 21?
17
Let n(t) = -2*t**3 + 8*t**2 + 39*t + 3. Calculate the remainder when 116 is divided by n(-4).
13
Suppose 314 = 14*v - 400. Suppose v*t - 52*t + 59 = 0. Calculate the remainder when 207 is divided by t.
30
Suppose 4*s - 3850 = -2*q, 4*q - 2880 = 18*s - 21*s. What is the remainder when s is divided by 61?
49
Let g = -118 - -270. Let y = g + -148. Suppose 25 + 0 = r + y*i, -5*r + 3*i + 125 = 0. Calculate the remainder when r is divided by 9.
7
Suppose 38*w + 111*w + 147020 = 839870. Calculate the remainder when w is divided by 49.
44
Suppose -3*j + 1340 = j - h, j = 3*h + 335. Suppose -1080 = 5*m - 0*m - 5*r, 0 = 5*m - r + 1092. Let n = j + m. Calculate the remainder when n is divided by 24.
20
Let u = 44 - 44. Suppose -3*d + 2*i - i + 22 = u, 4*i = -d - 10. What is the remainder when (-90)/(-8) + 10/(-40) + 2 is divided by d?
1
Let y(f) = -56*f + 1436. Calculate the remainder when 467 is divided by y(25).
35
Suppose k - 56 = -3*k. Suppose -190 = 22*g + 52. What is the remainder when k is divided by 39/g - (-114)/209 - -11?
6
Let y(u) = 2*u**2 + 61*u - 917. What is the remainder when 130 is divided by y(-42)?
32
Let x = -216 - -230. Suppose -x*t + 42 = -0*t. Let p = 8 - -5. What is the remainder when p is divided by t?
1
What is the remainder when 25739 is divided by 4680/(-80)*(125/45 + -5)?
129
Suppose -51 = 2*z - 5*z. Suppose -4*m + 2 = -2*l, -3*m = -0*m + l - 4. What is the remainder when 27*35/14 + m/(-2) is divided by z?
16
Suppose 2*l = 10, 7*r - 8*r - 3*l + 44 = 0. Let g(o) = 9*o - 30. What is the remainder when g(16) is divided by r?
27
Let c(o) be the third derivative of o**6/60 - o**5/15 + o**4/3 - 11*o**3/6 - 74*o**2. What is the remainder when 109 is divided by c(3)?
16
Let h(r) be the third derivative of -r**5/60 - r**4/2 + 7*r**3/6 - 131*r**2. Suppose 4*l = l - 30. What is the remainder when h(l) is divided by 15?
12
Let u(m) = -114*m + 1. Suppose 8311 = 309*a - 536 - 9384. What is the remainder when u(-1) is divided by a?
56
Let t(n) = 70*n**2 - 3*n - 3. Let w be t(-2). Let z = -171 + w. Let s = 1519 - 1481. What is the remainder when z is divided by s?
36
Suppose -3*d = -s - 6 + 2, 2*s = -2*d. Calculate the remainder when 16821/216 + d/(4*2) is divided by 42.
36
Let v(g) = 129*g - 1527. What is the remainder when 602 is divided by v(12)?
14
Let p be (7/4)/(22/(-88)). Let w be 4 - (4 + 4 + p). Suppose -5*q - d + 149 = 0, 6*d - 70 = -2*q + w*d. Calculate the remainder when q is divided by 16.
13
Suppose 113*o - 111*o - 403 = -v, 5*v - 4*o - 2099 = 0. What is the remainder when v is divided by 60?
55
Let u = 5152 - 5068. Calculate the remainder when u is divided by 15.
9
Let o(w) = 4*w**2 + w - 7. Let h be o(11). Let a = -432 + h. Calculate the remainder when 1285 is divided by a.
53
Suppose 0 = 2*m + y - 0*y - 45, -5*m - 3*y = -111. Let v(o) = -2*o + 0*o + o**2 + m + 6*o. What is the remainder when 141 is divided by v(-6)?
33
Suppose 3*k + 4*n = -95, 50 = -5*k - 2*n - 113. What is the remainder when (-5 - -10)/(k/36 + 1) is divided by (-18 - 1)*(-2 + 1)?
3
Let y = -38 - -51. Suppose 15 = -g - 0*v - 5*v, y = g - 2*v. What is the remainder when 22 is divided by g?
2
Suppose -57792 = -122*s + 26*s. What is the remainder when s is divided by 56?
42
Calculate the remainder when 226 is divided b